= 59*n - 1248. Let d = n - a. What is the tens digit of d?
9
Let x = 11581 + 5501. What is the hundreds digit of x?
0
Suppose -2*f - 3906 = -9*f. Suppose 0 = -8*g + 11*g - f. What is the hundreds digit of g?
1
Suppose 13 - 121 = -3*m. Let y = 649 + -622. Let n = m - y. What is the units digit of n?
9
Suppose -3314 = -5*f - 3*p, 140*p = 4*f + 144*p - 2648. What is the hundreds digit of f?
6
What is the thousands digit of (85/510)/(2/(67814 + -2))?
5
Let s(o) = o**3 + 36*o**2 - o - 36. Let d be s(-36). Suppose -17*f + d*f = -8126. What is the hundreds digit of f?
4
What is the hundreds digit of (30/9)/(11/14388)?
3
Let k(q) = 40*q**2 - 15*q - 25. Let x be k(-4). What is the hundreds digit of (-7754)/(-18) + 150/x?
4
Suppose -41*o + 587972 = 120*o. What is the tens digit of o?
5
Let o = -1691 - -24130. What is the thousands digit of o?
2
Let p(h) = 10*h**2 + 35*h + 844. What is the hundreds digit of p(-35)?
8
Let a(s) = 14503*s + 3586. What is the hundreds digit of a(2)?
5
What is the units digit of 85672/14 + (-261)/609?
9
Let m = 195370 - 128346. What is the units digit of m?
4
Suppose 0*p - 70 = -5*f - 5*p, -2*p + 73 = 5*f. Let s(k) = f*k + 11 - 46 - 14. What is the units digit of s(5)?
6
Suppose -60*h - 32 = -68*h. Suppose 0*q = 2*n - 5*q - 1083, h*q - 2625 = -5*n. What is the hundreds digit of n?
5
Let r(k) = 2*k**3 - 9*k**2 + 44*k - 277. What is the units digit of r(14)?
3
Let c be ((-4)/(-3))/(120/180). What is the units digit of ((-30)/40 - 945/(-4))*c?
1
Let y(t) = 70*t + 1820. What is the hundreds digit of y(-24)?
1
Let k(o) = 1151*o + 226. What is the tens digit of k(5)?
8
Let y(h) = h**3 + 19*h**2 - 27*h + 6. Let t be (-13 - (-1 + 5)) + -3. What is the hundreds digit of y(t)?
1
Suppose 4*w - 2*i = -1434, 0 = -3*i + 21 - 6. Let z = 444 + w. What is the units digit of z?
8
Suppose 11*o - 8*o = 138*o - 1188945. What is the tens digit of o?
0
Let h(k) be the second derivative of k**5/20 - 11*k**4/12 - 5*k**3/2 + 3*k**2/2 - 21*k + 2. What is the hundreds digit of h(13)?
1
Let t(g) be the second derivative of 91*g**4/12 + 5*g**3/6 + g**2 - 6*g - 1. What is the units digit of t(-2)?
6
Let c be -1 - (2 + 18/(-3)). Let i be ((-126)/(-35))/(c/255). Suppose -4*x + 695 = -k - i, -3*x + 747 = 3*k. What is the units digit of x?
0
Suppose 2*v + 36316 = -17*v + 268344. What is the hundreds digit of v?
2
What is the units digit of 14/(112/(-436))*11/(44/(-336))?
8
Suppose -3*v = 2*v - v. Suppose v = -2*f - s - 7, 5*f = -s - 0*s - 10. What is the units digit of -174*((-2)/(-4) + f)?
7
Suppose 2660*l - 221640 = 1325*l + 1325*l. What is the hundreds digit of l?
1
What is the units digit of 24/3 + (65 - -24389)?
2
Let r = -233 - -57. Let c = -94 - r. What is the units digit of c?
2
Suppose -4*a = -20 + 28. What is the hundreds digit of -12 - a - -5 - -526?
5
Let z(t) = -t**2 - 4*t + 7. Let x be z(-5). Let d be (10/6)/(8/(3168/10)). Suppose 8 = x*f - d. What is the tens digit of f?
3
Suppose -4*a - 5*c + 4216 = -155596, 3*c = -4*a + 159796. What is the units digit of a?
3
Let z(h) = 2*h - 108 + 47 + 31 + 21*h**2 - 3*h - 4*h. What is the tens digit of z(-7)?
3
What is the hundreds digit of 14/(-2) + (-15)/((-375)/22600)?
8
Let g = -16 - -42. Let o = g - 23. Suppose -4*p + 43 = o. What is the tens digit of p?
1
Suppose -14299*q - 909762 = -14320*q. What is the tens digit of q?
2
Let k = -51 - -59. Suppose -k = -3*v - 2. Suppose 5*i = d + 319, -d - d = -v. What is the tens digit of i?
6
What is the hundreds digit of 4192/(-1)*(16 + (-1520)/64)?
4
Suppose 1 - 1 = -6*i. Suppose 3*h - 3*a = 564, -3*a + 15 - 3 = i. Suppose -h = 52*u - 56*u. What is the tens digit of u?
4
Let l be 10 + -11 - 3/(-3). Suppose 5*k - 9*k + 256 = l. What is the tens digit of k?
6
What is the hundreds digit of ((-4030635)/(-18))/7 - (-18)/(-2916)*27?
9
Let b = 80 + -43. Suppose -b - 35 = -2*u. What is the tens digit of (372/u)/((-1)/(-3))?
3
Suppose -2*i + 8 = 2*i. Suppose -7*n + 801 = i*n. Let l = 171 - n. What is the units digit of l?
2
Let t(g) = -g**3 + 33*g**2 - 57*g + 66. What is the units digit of t(13)?
5
Let b be 20/((-35)/(-7)) + -20. Let o(i) = -14 - i**2 + 8*i + i**2 + 2*i**2 - i**2. What is the tens digit of o(b)?
1
Suppose 6*i = g + 164083, 104*g = 103*g + 5. What is the tens digit of i?
4
Suppose -41*p = -40*p + 2*h - 4666, 0 = -3*p - h + 14028. What is the tens digit of p?
7
Let q be (-8)/12*6/(-1). Let w(u) be the second derivative of 7*u**3/2 - 3*u**2 - 44*u - 2. What is the units digit of w(q)?
8
Suppose -2*b + 3*b + k = 0, 0 = -4*b - k + 6. Let t(f) = -3*f**2 - 10*f - 3. Let o be t(-3). What is the tens digit of (b + o - 3) + 23?
2
What is the ten thousands digit of 3 - (8 - -5*(-24404)/10)?
1
Let f(z) = -z**2 + 5*z - 4. Let y be 0 + -1 + 8 + -4. Let a be f(y). What is the units digit of (9/(-18))/((-1)/a)?
1
Suppose 14 = 580*s - 578*s. Suppose 0 = 3*d - 10 + 4. Suppose -s = -d*b + 135. What is the units digit of b?
1
What is the thousands digit of (-22 - 43395/44)*(-8)/1?
8
Let u(i) = i**2 + 20*i + 109. Let z be u(-5). Suppose -12150 = z*k - 52*k. What is the tens digit of k?
7
Suppose -2*r - 8 = 0, -3*c + 16543 + 13602 = 5*r. What is the ten thousands digit of c?
1
Let r(t) = 393*t**2 + 6*t - 5. Let x be r(1). Suppose 18*l = 16*l + x. What is the tens digit of l?
9
Suppose 3*g = 13*x - 10*x + 5253, -3498 = 2*x - 4*g. Let z = -1169 - x. What is the tens digit of z?
8
Suppose 257*d = 252*d + 20590. What is the tens digit of d?
1
Let x(m) = 264*m - 1. Let s(o) = -o**2 + 6*o + 9. Let n be s(7). Let j be x(n). Suppose 4*t - 3*z = j, 0*t = -2*t + z + 265. What is the hundreds digit of t?
1
Let i(y) = -13*y**2 - 34*y - 13. Let a(k) = -14*k**2 - 40*k - 14. Let l(d) = 6*a(d) - 7*i(d). Let n be -3 - (2 + 0)/2. What is the tens digit of l(n)?
2
Let u(q) = q**3 + 25*q**2 - 25*q + 23. Let i be u(-26). Let p(f) = -f + 22. Let a be p(i). Let y = a - -50. What is the tens digit of y?
7
Let p = -3 + 6. Let h = 45 + -41. What is the units digit of 100 + p/12*h?
1
Let z(h) = 86*h**2 - 7*h + 4. Let n = 23 + -19. Let p be z(n). Suppose 3*u = -5*u + p. What is the hundreds digit of u?
1
Suppose -5 = -4*d + 3*d + p, 0 = -5*d - 3*p + 9. Let g(i) = -i**3 + 14*i**2 - 10*i. Let q be g(1). What is the hundreds digit of q + 1 + 139 + d?
1
Let o = 18911 - 13037. What is the tens digit of o?
7
Suppose 0 = 29*u - 33*u - 1852. Let n = -195 - u. What is the units digit of n?
8
Let j = 13288 - 1101. Suppose -j + 2232 = -55*r. What is the hundreds digit of r?
1
Suppose 637*u - 10049270 = -133*u. What is the ten thousands digit of u?
1
Suppose 2*o + 56 = 6*o. Suppose -o*n + 1404 = -20*n. What is the tens digit of (2/3)/((-12)/n)?
1
Suppose 8*v - 33 = -3*v. Suppose v*j - 965 = -l + 6*l, -2*j = -3*l - 642. What is the hundreds digit of j?
3
Let v = -83 + 81. Suppose -4*q = q + 50. What is the units digit of q*v/(-4)*-7?
5
Let r(p) = p**3 - 2. Let h(t) = -3*t**3 + 21*t**2 - 18*t - 6. Let x(n) = h(n) + 2*r(n). What is the tens digit of x(11)?
0
Suppose 63055 + 138720 = 7*m. What is the tens digit of m?
2
Let t be 2 + 7 + (2 - 5). Let n be (t/9 - 14/6)*-3. Suppose n*a - 45 = 210. What is the tens digit of a?
5
Let x = -13 - 93. Let b = x + 104. What is the units digit of (-465)/b + (4/(-8))/(-1)?
3
Let j = 5908 - 3234. What is the units digit of j?
4
Suppose 0 = -4*f + 2*n + 18734, -5*n + 29935 = 5*f + 6465. What is the thousands digit of f?
4
Suppose 7*k + 3*k - 2*k - 63072 = 0. What is the tens digit of k?
8
What is the units digit of 32115 - 2 - (177 + -174)?
0
Suppose -5*w - i + 5 = 0, -2*i - 2 = 2*w - 4. Suppose -4*x = -3*u + 4, 3*x + w = 2*u - 0*x. Suppose -c + 2*c = u. What is the units digit of c?
8
Suppose -4*v - y + 1972 = 2*y, 5*v - y - 2446 = 0. Let l = v - 206. What is the units digit of l?
4
Suppose 37*k - 163603 = 17364. What is the tens digit of k?
9
Suppose 430*o + 559976 = -430*o + 64964516. What is the hundreds digit of o?
8
Let h = 132652 + -73480. What is the hundreds digit of h?
1
Suppose k - 4*i - 21 = 3, 0 = 4*k + 3*i - 1. Let g be (40/10)/(k/(-6)). Let v(f) = f**2 + 5. What is the units digit of v(g)?
1
Let d(v) = -v**2 - 50*v - 2. Let f be d(-50). Let h(p) = -241*p + 27. What is the hundreds digit of h(f)?
5
What is the hundreds digit of (190/(-380))/((-1)/56564*2)?
1
Let g(p